- 16*h - 6*h - 6 - 13*h. Let p be c(-5). What is the highest common divisor of 198 and p?
22
Suppose 503 = 23*s + 89. Calculate the highest common factor of 1374 and s.
6
Let q be 9 + (0 + -6 - -11). Let l be 29/((-87)/72)*q/(-1). Calculate the greatest common factor of l and 48.
48
Let m(v) = v**2 + 5*v - 1. Let y be m(-6). Suppose 2*k - 32 = -4*u + 6*u, 5*u = 25. Suppose k*w - 493 = 242. Calculate the highest common divisor of y and w.
5
Let j(w) = -3*w**2 + 5*w - 24. Let l(i) = -2*i**2 + i - 1. Let d(r) = j(r) - 4*l(r). Let n be d(-4). What is the greatest common factor of 14 and n?
14
Suppose 0 = -0*q + 4*q - 20, -4*q = -5*d + 555. Suppose 4*a - 14*i + 9*i = 15, 5*i = 7*a - 30. What is the highest common factor of d and a?
5
Suppose 4*q + 47 = 5*l, 2*l + 0*l - 4*q = 14. Suppose -134*b + 135*b - 4*f - 117 = 0, 4*f + 271 = 3*b. What is the highest common factor of b and l?
11
Suppose v - 802 = -6*v + 584. Calculate the greatest common divisor of 186 and v.
6
Suppose 7*n - 46 = 31. Suppose -4*b = 2*f - 46, 5*f + n*b - 109 = 7*b. Calculate the greatest common divisor of f and 105.
21
Let l(c) be the third derivative of 53*c**4/24 - 52*c**3/3 - 208*c**2. Let r be l(5). What is the greatest common factor of 21 and r?
7
Let h = 3710 - 3489. What is the greatest common factor of 119 and h?
17
Let x be 1596861/77 + 42/77. What is the highest common divisor of x and 186?
93
Suppose 0 = -82*r - 18*r + 13300. Calculate the greatest common divisor of r and 285.
19
Let x(p) = 17676*p**2 + 8*p - 2. Let o be x(-1). Calculate the greatest common factor of o and 484.
242
Suppose 22*v = -31*v + 97917 + 47144. Calculate the greatest common divisor of 644 and v.
161
Let l = 2391 - 2378. Let s(o) = -o**2 + 2*o + 1. Let w be s(2). Calculate the greatest common divisor of w and l.
1
Suppose 12 = 2*f - 52. Suppose f = 5*k + 3*g, 3*k = -3*g + 21 - 3. Let i(p) = -p**2 + 8*p + 10. Let d be i(k). What is the highest common factor of d and 17?
17
Suppose 33 = -3*b - 5*g, -11*b + 7*b + 2*g = -34. What is the greatest common divisor of b and 13292?
4
Suppose 0*z = 5*z, 9*z - 8*z = 2*g. Suppose -46*l + 2*l + 5984 = g. Calculate the highest common factor of 16 and l.
8
Let b(j) = -1360*j + 10888. Let d be b(8). Let z = -3 + 59. What is the highest common factor of z and d?
8
Let z(j) = j**3 + 8*j**2 + 8*j + 46. Let q be z(-12). Let k = q - -818. What is the highest common factor of 432 and k?
48
Let z = -839 + 869. What is the highest common factor of z and 785?
5
Suppose 83 + 327 = 5*z. Let a = 223 - z. Let h = a - 33. Calculate the greatest common divisor of h and 12.
12
Suppose -5*u = -u + 4*v - 32, 0 = 4*u - 2*v - 8. Let c(q) = -u*q + 12*q + 15 + q**2 - 21*q. Let x be c(12). What is the highest common factor of 18 and x?
3
Let j be (284031/(-342))/(10/(-4) - (-2)/1). What is the highest common divisor of j and 1359?
151
Suppose -17461 = -4*u + 5*r, -475*u = -473*u + 5*r - 8663. Calculate the highest common factor of 154 and u.
14
Let t = 54 - 35. Let j = 1173 - 1172. What is the greatest common factor of t and j?
1
Suppose -1307 - 837 = -8*f. Let p be (-18)/(-8) - (-14405)/f. What is the highest common factor of 21 and p?
7
Suppose -2*r + 0*r - 4*c = -116, 3*c = 15. Let b be (-5)/(-105)*-3 - 170/(-14). Calculate the highest common divisor of r and b.
12
Let a(o) be the first derivative of 13*o**2 + o - 2. Let d be a(1). Let s be (594 + 14)/(-32) + 100. Calculate the greatest common divisor of d and s.
27
Suppose 195*v = 7350 - 720. What is the greatest common divisor of v and 38?
2
Let b(a) = -5*a**2 + 152. Let o = 86 + -88. Let c be (-7)/(-42)*(0 - o)*0. Let g be b(c). What is the greatest common factor of 38 and g?
38
Let h be (-11 - -9) + (1236 - -4) + -5. What is the greatest common factor of 1781 and h?
137
Let p be (-522)/(-4) + ((-99)/(-22))/3. Let s = 219 - p. What is the highest common divisor of s and 319?
29
Let d be 13/5 + (-4)/(-10). Let f be (4/(-12) - -1)/((-4)/(-72)). Suppose 0 = 7*i - 156 - f. What is the highest common divisor of i and d?
3
Suppose 110*j = 99*j + 473. Let x = j - -2. Calculate the greatest common divisor of 135 and x.
45
Suppose 0 = -3*y + 5*y - 250. Let m = 94 + -150. Let t = 81 + m. What is the greatest common divisor of y and t?
25
Let h = 36 + -28. Let y(x) = -5*x**2 - h*x + 4*x + 96*x**3 - 194*x**3 + 97*x**3 - 6. Let s be y(-6). Calculate the highest common factor of s and 12.
6
Let c(o) = -551*o - 2660. Let q be c(-5). Calculate the highest common factor of q and 209.
19
Let u(w) = -w**3 - 60*w**2 - 57*w + 192. Let q be u(-59). What is the highest common factor of q and 4588?
74
Suppose -45*x = -12*x - 12982 - 4244. Calculate the highest common divisor of x and 27.
9
Let h be 2 + (2 - 1) - -16. Let p be (-3)/(30/4) - (-759)/(-165). Let n be 300/120*(-418)/p. What is the highest common factor of n and h?
19
Suppose 0*s - 4*s - 2*o = 318, -s = -3*o + 69. Let i be (-12)/s - (-2)/(-13)*-155. Let c = i - 23. Calculate the greatest common factor of 3 and c.
1
Let f = -68415 - -68451. Let j(h) = -2*h**3 - 10*h**2 + h - 9. Let t be j(-7). Calculate the highest common factor of t and f.
36
Suppose 5*g - 17 = -12, 3*g = -a + 9. Suppose 4*n = 6 + 6. Suppose n*d - 4*k - 52 = 0, -2*k - 86 = -4*d - 0*k. Calculate the greatest common factor of a and d.
6
Let k = -7 - -267. Let g(u) = u**2 + 18*u + 76. Let d be g(-4). What is the greatest common divisor of k and d?
20
Let d(w) = 9*w - 13. Let l be d(12). Let k be l*(21/15)/1. What is the highest common divisor of 7 and k?
7
Suppose 0 = 3*d - 2*g + 10, 76*g - 42 = -5*d + 74*g. Suppose 3*n - 12 = 0, -572 = -5*i - 4*n + 6*n. Calculate the greatest common divisor of d and i.
4
Suppose 4*d - 25325 = -k, 0 = -3*d - 9*k + 11*k + 18980. Calculate the greatest common divisor of 15 and d.
15
Suppose 50*f - 59*f = -27. Suppose -3*w = -3*d + 9, 4 = 3*d + w - 13. Let z = d + f. Calculate the highest common divisor of 20 and z.
4
Suppose -5*a - 57 = -397. Let b = 129 - a. Let v = -28 + b. Calculate the greatest common divisor of 22 and v.
11
Let s(d) = -48*d**2 + 156*d - 17. Let i be s(3). What is the greatest common divisor of i and 247?
19
Suppose -3*o + 139 = -5*w, -4*w - 5 = -2*o + 91. What is the highest common divisor of o and 5833?
19
Let a(j) = j**3 - 7*j**2 - 18*j + 55. Let h be a(7). Let l be -6*4/8 - h. What is the greatest common divisor of 34 and l?
34
Let w be 1164/15*(-25)/(-2). Suppose -186 = 7*a - w. Let d be 2/4 + 54/4. Calculate the highest common divisor of d and a.
14
Let w be (-3 + 57/9)*(-30)/(-4). Calculate the highest common divisor of 20725 and w.
25
Let t = 16 - 8. Let z be (-580)/6 - 50/(-75). Let q be (-2)/(-8) - 1128/z. What is the greatest common factor of q and t?
4
Suppose -11*j + 696 = 18*j. What is the greatest common factor of 4632 and j?
24
Let w(t) = -2*t**2 - 44*t - 36. Let v be w(-18). Suppose v*x - 109*x = -247. What is the highest common factor of 13 and x?
13
Let n = -421 + 711. Suppose 2*a + 156 = 8*r, -5*r - 466*a + 90 = -471*a. Calculate the greatest common divisor of n and r.
10
Let v(g) = 253*g - 3499. Let m be v(15). What is the greatest common factor of m and 72?
8
Let x be (190/3)/(30/9 + -3). Suppose -5*z - h = -1704, 2*z + 243 = 2*h + 939. Calculate the greatest common factor of x and z.
38
Let g(r) = 110*r - 1164. Let k be g(11). Calculate the greatest common factor of 1334 and k.
46
Let i = -5365 - -6615. Calculate the highest common divisor of i and 100.
50
Let n(o) = o**3 + o + 135. Let f be n(0). Let l(v) = -14724*v + 29453. Let u be l(2). What is the highest common factor of f and u?
5
Let s(a) = -290*a**3 + a + 1. Let u be s(-1). Suppose c + 4*c = u. Let y be (-522)/12*(-2)/3. What is the greatest common divisor of y and c?
29
Let j(t) = -t - 14. Let x be j(-13). Let m = -56 + 58. Let r be 120*x*m/(-5). Calculate the highest common divisor of r and 6.
6
Suppose b = -3, -4*b + 59 = 4*x - 153. Suppose -2*p = -16 - x. Let f = 64 - p. What is the highest common divisor of 7 and f?
7
Suppose 5*k + 3*j - 2 = 0, 4*j - 6*j = 2. Let u be 108 + (12/(-6))/k. What is the highest common divisor of u and 265?
53
Let r be (3 - 5) + 2 + 9. Let a be 1/(-5) + (-4)/(-60)*3. Suppose 0 = 3*j + 3*n - 15, a = -j - 2*n + 3 + 1. What is the greatest common factor of r 